Suppose -9*v = -34*v + 3525. What is the remainder when v is divided by 26?
11
What is the remainder when (-8)/(-16)*-16 + 107 is divided by 31?
6
Let h be (-100)/2*224/(-35). Suppose 0 = -10*d + 2*d + h. What is the remainder when (-44)/(-10) + 2*(-8)/d is divided by 2?
0
Let l(w) = -w**2 + 21*w - 24. Let x be l(21). Let d = x + 29. Suppose 4*z - d*c + 10 = -z, 2*z = c. What is the remainder when 4 is divided by z?
0
Suppose 2*i - 285 = -z, -4*i + 826 = 6*z + 260. What is the remainder when 299 is divided by i?
13
Let d = 55 - 30. Suppose 0 = 25*r - 2473 - 2. What is the remainder when r is divided by d?
24
Suppose 2*h - 3*r = 437, 35*r = -8*h + 40*r + 1755. What is the remainder when h is divided by 86?
48
Let h be (-48)/(-27) - (-6)/27. Let i(r) = 5 - 16*r**2 + 5*r + 31*r**2 - 13*r**h. Calculate the remainder when i(3) is divided by 13.
12
Suppose 636*v = 675*v + 290 - 1928. What is the remainder when 187 is divided by v?
19
Suppose 33*y + 18*y - 918 = 0. Let x be -1*(-12 - 1) - 0. Let a = x - 3. Calculate the remainder when y is divided by a.
8
Let a(m) = -4*m**3 - 2*m**2 + m + 4. Calculate the remainder when a(-5) is divided by (675/(-125))/(3/(-25)).
44
Let a be (6 + 0)*2/3. Suppose 3*l = -2*j + 14, 0*j + 7 = j + a*l. What is the remainder when 117/104*56 - 29 is divided by j?
6
Suppose -4*d + 3811 = 3*v, 768 = -3*v + d + 4574. Calculate the remainder when v is divided by 142.
133
Let f(y) = -4 - 21*y + 8*y + 11*y + 5*y**2 - y**3 + 10. Calculate the remainder when 208 is divided by f(4).
12
Suppose 727*s - 745*s = -348570. What is the remainder when s is divided by 36?
33
Let z(s) = 118*s**2 + 6*s. Let c be z(-3). Let x = c - 923. Calculate the remainder when x is divided by 18.
13
Let u = 9774 - 9340. Calculate the remainder when u is divided by 241.
193
Let i = -83 - -59. Let p = i + 44. Calculate the remainder when (-60)/50 + 1806/30 is divided by p.
19
Suppose -4529 = -2*t + y, -t + 2265 = 32*y - 33*y. Calculate the remainder when t is divided by 21.
17
Let v(o) = -7*o + 78. Suppose 0 = -5*m + 4*a + 4, -m = 2*m + 4*a - 28. Let k(x) = -7*x - 2. What is the remainder when v(m) is divided by k(-3)?
12
Let k = -5945 - -6018. Calculate the remainder when 651 is divided by k.
67
Calculate the remainder when 3770*(0/((-1)/1) - (-204)/510) is divided by 251.
2
Suppose 52129 - 1505 = 64*v. Calculate the remainder when v is divided by 100.
91
Suppose 4*d + 5*i = 457 + 64, -2*d - 2*i = -258. Let l = -140 + d. Let o = 31 + l. What is the remainder when 222 is divided by o?
12
Let r(q) = 21 + 14*q + 16*q + q**2 - 2 - 18*q. Suppose 5*x - 362 = 103. Calculate the remainder when x is divided by r(-12).
17
Let s be 2774/22 - 4/44. Suppose 2*g - s = -5*r + 2, 57 = 2*r - 5*g. Calculate the remainder when 100 is divided by r.
22
Suppose -5*z + 419 = -3*m, 3*z = 20*m - 18*m + 251. Let x be (-1)/4 - 7/(-28). Suppose -58 = -x*a - 2*a. What is the remainder when z is divided by a?
27
Let p be (0 + 0 + -3)/(-1). Suppose 600 = p*f + 3*v, 5*v = 3*f - 108 - 508. Let c = 229 + -200. What is the remainder when f is divided by c?
28
Let l(m) = -m**3 - 4*m**2 + 2. Let q be l(-4). Suppose -254 = -4*n + 5*i - 9, -3*i + 150 = 3*n. Let x = q + n. What is the remainder when x is divided by 29?
28
Let a = -1051 + 1123. Calculate the remainder when 18285 is divided by a.
69
Suppose -5*h + 18 = -2*x, -2*h + 3*h + 4*x - 8 = 0. Suppose -4*z - 3*y = -991, 0 = 3*z - h*y + 3*y - 727. What is the remainder when z is divided by 13?
10
Let l be 2/(-4) - (-1)/2. Suppose m - 4*f - 37 = -f, 4*f + 12 = l. Calculate the remainder when m is divided by 10.
8
Suppose 5*l = 76*l - 26554. What is the remainder when 388 is divided by l?
14
Let a = 187 + -184. Suppose s - 328 = 4*v - 9*v, a*s = -3*v + 204. What is the remainder when v is divided by 11?
10
Suppose 5*t + 6*l = 2*l + 77, -3*t = 2*l - 45. Calculate the remainder when 4*(13/2 + -16 + 15) is divided by t.
9
Suppose -216 = -8*x - x. Let f = 11 + 5. Calculate the remainder when x is divided by f + -1 - 2 - -1.
10
What is the remainder when 355 is divided by (488/(-854))/(2/(-1064))?
51
Let b(t) = -t + 15. Suppose 16*v - 68*v + 7534 = -890. What is the remainder when v is divided by b(0)?
12
Let w be (7839 + -2 - 4) + 4. Suppose -18*q = -q - w. Calculate the remainder when q is divided by 58.
55
Let y = -814 + 1313. Suppose n - 2*w + 92 = 2*n, 5*n = 3*w + y. Calculate the remainder when n is divided by 23.
6
Calculate the remainder when (-1480)/(-111)*19/((-152)/(-300)) is divided by (-2)/8 - (-226)/8.
24
Let l(i) = -4*i**2 - 225*i - 125. What is the remainder when l(-51) is divided by 12?
10
What is the remainder when 192 is divided by (12/9)/(134/2412)?
0
Suppose -1 + 6 = t. Suppose z + 2*j - 1700 = 0, -4*z = t*j - 3362 - 3453. Suppose -9*p = 9*p - z. Calculate the remainder when p is divided by 16.
15
Let o(k) = 125*k + 6016. What is the remainder when 731 is divided by o(-48)?
11
Let q(t) = 458*t + 5098. Calculate the remainder when q(-11) is divided by 52.
8
Let u = 62 + -57. Suppose -u*z - z = -18. Suppose -z*d = -4*k - 58, 2*d - 13 + 1 = -4*k. Calculate the remainder when 67 is divided by d.
11
Suppose 19*a - 3631 = 1371 + 33. Calculate the remainder when a is divided by 86.
7
Let t be 2 + (-44)/(-3 + 2). Let d = t - 25. Let q(u) = 2*u**3 - 77*u**2 - 36*u - 37. What is the remainder when q(39) is divided by d?
17
Let d(q) = -q**3 - 8*q**2 + 3*q + 13. Let h be d(-9). Let m = 123 - h. Let y = -42 + m. What is the remainder when 55 is divided by y?
13
Let k(q) = -2*q**3 + 29*q**2 + 19*q - 36. What is the remainder when k(14) is divided by 21?
6
Suppose 282 + 150 = 9*y. Calculate the remainder when 598 is divided by ((-64)/y)/((-4)/42).
10
Let u(g) = 19*g + 43. Calculate the remainder when 1823 is divided by u(-1).
23
Let o(i) = i**2 - 3*i - 1. Let j be 276/66 - (-1 - (-13)/11). Suppose -c = 3*u + 13, 0 = -4*u - j*c - 1 - 27. What is the remainder when 27 is divided by o(u)?
10
Let g(a) = a**3 - a**2 - a + 3. Let w be g(2). Suppose -w*b + 544 = 169. Suppose 3*s - 18 - b = 0. What is the remainder when 215 is divided by s?
29
Let k(z) = -z**3 - 13*z**2 - 24*z - 114. Suppose -242 = -3*t + 85. What is the remainder when t is divided by k(-12)?
19
Let t(g) = 15*g**3 + 50*g**2 + 9*g + 1. Calculate the remainder when t(-2) is divided by 21.
0
Let m = 17470 - 17467. Calculate the remainder when 159 is divided by m.
0
Suppose 0 = 3*l - h - 79, l + 2*h - 4*h = 23. What is the remainder when -3 - (39624/(-468))/(4/6) is divided by l?
16
Calculate the remainder when 271 is divided by -8*45/120 - (1 - 14).
1
Let x(t) = -26*t - 7. Let u = 40101 - 40063. Calculate the remainder when x(-5) is divided by u.
9
Let b(x) = -86*x - 663. What is the remainder when 42099 is divided by b(-8)?
24
Suppose 0 = 4*p + 3*f - 192, -p - 20*f + 16*f = -61. What is the remainder when 212 is divided by p?
32
Suppose -278*r - 95*r = -24991. Calculate the remainder when r is divided by -1 - (-19 + (1 - 0)).
16
Suppose s + 167 = 2*l, 4*l + 4*s - 168 = 196. Let y = 243949 + -243932. Calculate the remainder when l is divided by y.
1
Suppose 105*o = 118*o - 65. Let d = 7 + -7. Suppose 4*f - 5*l - 68 = d, f - 13 + 5 = -l. Calculate the remainder when f is divided by o.
2
Let n(x) = -2 + x**3 + 4 + 8*x**2 + 2 - 5. Let d(a) = -3*a**3 - 33*a**2 - 8*a - 71. Calculate the remainder when n(-7) is divided by d(-11).
14
Let i = 19 - 49. Let q = -19 - i. Let l(g) = g**2 - g - 47. Calculate the remainder when l(q) is divided by 11.
8
Let x(d) = 42*d - 155. Calculate the remainder when 1372 is divided by x(5).
52
Let s = -1261 + 836. Let a = s + 433. Calculate the remainder when 38 is divided by a.
6
Let h(p) = 3*p**3 - 3*p - 38. Let l(d) = -7*d**3 - d**2 + 7*d + 76. Let v(s) = -5*h(s) - 2*l(s). What is the remainder when 71 is divided by v(0)?
33
Suppose 26*u - 1219 - 4616 - 561 = 0. Calculate the remainder when u is divided by 42.
36
Suppose -8 = 21*p - 25*p. Suppose 5*y - o = 666, -y - 150 = -p*y - 4*o. Suppose -138*a + y*a + 440 = 0. What is the remainder when a is divided by 14?
12
Suppose 40 = 205*g - 200*g, -3*v = -3*g - 135. Calculate the remainder when 3559 is divided by v.
8
Let p = 38538 - 27865. What is the remainder when p is divided by 68?
65
Suppose 0 = -9*d + 21